{"version":"1.0","type":"rich","width":"560px","height":"140px","title":"Im Gespr\u00e4ch mit Trainer Jan Berger - \u00fcber die Trainerkarriere, \u00fcber Borussia Neunkirchen, Erwartungen und die Saarlandliga. ","url":"https:\/\/podcastkombinat.de\/2024\/10\/29\/er007-im-gespraech-mit-trainer-jan-berger\/","author_name":"EllenfeldRekorder - Vom \"Schloss\", Eisen und Borussia","author_url":"https:\/\/podcastkombinat.de","thumbnail_url":"https:\/\/podcastkombinat.de\/wp-content\/uploads\/2022\/10\/Schwarz-und-Gelb-Portraits-Sport-und-Freizeit-Podcast-Cover-5-150x150.png","html":"<iframe width=\"560px\" height=\"140px\" src=\"https:\/\/podcastkombinat.de\/2024\/10\/29\/er007-im-gespraech-mit-trainer-jan-berger\/?standalonePlayer\"><\/iframe>"}

Im Gespräch mit Trainer Jan Berger - über die Trainerkarriere, über Borussia Neunkirchen, Erwartungen und die Saarlandliga.
